 digit of f?
5
Suppose -3*x + 2*x = -2*q - 231, -x = q - 237. Let g = x + -148. Suppose 2357 = 10*p + g. What is the tens digit of p?
2
Suppose -2*i - 4*n + 16250 = -1848, -36142 = -4*i + n. What is the thousands digit of i?
9
Let o(t) be the second derivative of -1/2*t**3 + 0 - t**2 + 1/2*t**4 + 5*t. What is the units digit of o(3)?
3
Let a(y) = 1941*y**3 - 17*y + 24. What is the units digit of a(2)?
8
Let g = -2819 - -4349. Suppose 11*q = 8*q - 3*l + 1536, -3*q + 3*l = -g. What is the tens digit of q?
1
Suppose -4*v + 9900 = -82*a + 84*a, 5*v - 5*a = 12315. What is the thousands digit of v?
2
Suppose -3*d = 0, 3*d - 805 = -3*h + 449. Let s = h + -345. What is the tens digit of s?
7
Suppose -24285 = -249*t + 246*t. What is the tens digit of t?
9
What is the tens digit of (-8 - (-109971)/(-135))/(6/(-40))?
8
Suppose -4*y + 0*r = r - 2677, 5*r - 25 = 0. Suppose 813 = 5*s - 3*l, -s = -5*s - 2*l + y. Suppose -28*v + 29*v - s = 0. What is the tens digit of v?
6
Let s = -966 - -7842. What is the hundreds digit of s?
8
Suppose 0 = -4*o + 8, 142781 = -34*d + 37*d - 2*o. What is the units digit of d?
5
Suppose -2*b + 2*y = -13584, -33972 = -5*b + 151*y - 149*y. What is the tens digit of b?
9
Let p = 6820 + -3294. What is the hundreds digit of p?
5
Let h be (0 + -6)*(-3)/((-45)/40). What is the hundreds digit of 1/(-8) + (-5090)/h?
3
Let n = 457 - 445. Suppose 84*b - 72*b - n = 0. What is the units digit of b?
1
Suppose -181*k = -153*k - 896. Let o = 4 + 0. What is the units digit of 7/((7 - o) + (-94)/k)?
2
Let w(d) = -d**3 + 19*d**2 + 23*d - 31. Let l be w(20). Suppose -l*m = 5*m - 15538. What is the tens digit of m?
5
Let p = -94 - -34. Let k = p + 68. What is the tens digit of (k/(-3))/((-1)/24)?
6
Let k(l) = 3*l**2 - 21*l - 19. Let a be k(8). Suppose -4*p + 0*p = -2284. Suppose a*n + 21 = p. What is the hundreds digit of n?
1
Let u be 6*7*18/27. Suppose 0 = -3*i + 8 + u. Suppose -2*f = i - 64. What is the tens digit of f?
2
Let b(s) = -441*s + 45. Let m be b(-4). Suppose 3*o - q = 2*q + m, 0 = -2*q + 2. What is the units digit of o?
4
Suppose k = -k + 4, -8 = -m - 4*k. Suppose -64*j + 1771 = 2*p - 59*j, m = -4*j - 4. What is the units digit of p?
8
Suppose -2*t + 1384 = 114. Suppose -13*s + t = -12*s. What is the tens digit of s?
3
Let d be 1 - -24 - 0 - -4. Let o = 29 - d. Suppose 0 = -o*q + 5*q - 290. What is the units digit of q?
8
Let d = 3660 - 2622. What is the hundreds digit of d?
0
Let c = 10059 - -159. What is the hundreds digit of c?
2
Suppose 0 = -3*a - 6, -7*a + 5*a - 7664 = -5*w. Suppose 0 = s - 4*y - 367 - 22, 4*s = 4*y + w. What is the units digit of s?
1
Let o = -890 + 4178. Suppose -7*r + o = r. Suppose r - 168 = 3*m. What is the tens digit of m?
8
Let k be (-22206)/22 + (-16)/(-44). Let s = 1823 + k. What is the units digit of s?
4
Suppose 15108 + 52326 = -2593*h + 2594*h. What is the tens digit of h?
3
Let v be -9 - (-1 + -2 + 0). Let k be 11*(-3)/v*2. Let b = k - -26. What is the units digit of b?
7
Let z = -10 - -9. Let g be (-1)/(-3) - 3/(27/13161). What is the units digit of (2 - z)/((-51)/g)?
6
Suppose -2*m - 6 = -5*m, 0 = -5*j + 3*m + 14. Suppose j*w - 9*g - 739 = -4*g, -w + 4*g = -182. What is the units digit of w?
6
Let t = 152 - 147. Suppose -t*w = -4*q - 8*w + 1104, -4*q = -w - 1120. What is the hundreds digit of q?
2
Suppose x - 2*f = 71, -x + 74 = f - 3. Suppose x*z = 79*z - 92. Let y = 47 - z. What is the units digit of y?
4
Suppose 8*b = -14*b + b. Suppose 9*d + 0*d - 1035 = b. Suppose -2*n - k = k - 290, d = n - 5*k. What is the tens digit of n?
4
Let r = 1655 + -3609. Let v = r + 2927. What is the tens digit of v?
7
Suppose -261 = -2*n - 3*v + 187, -4*n = 4*v - 896. Let t = -140 + n. Suppose 2*g + 3*m - 7*m = t, -4*g - m = -141. What is the tens digit of g?
3
Let i(d) = 0*d + 3*d + 8*d + 4*d - 42. What is the tens digit of i(15)?
8
Let j(r) = r**3 + 19*r**2 + 13*r - 9. Let k(h) = h**2 - 8*h + 6. Let v be k(6). What is the units digit of j(v)?
1
Let z(m) = 4*m**2 - m + 3. Let n be z(0). Suppose n*r + 172 = -107. Let u = r + 267. What is the tens digit of u?
7
Let j be (-246447)/5 + -6*2/(-30). What is the units digit of (-4)/(-10) + j/(-115)?
9
Let j = -60 + 59. Let i be 3/(-6)*(j + 3). What is the units digit of (8/i)/(0 + (-8)/128)?
8
Let y = 2189 - 1115. Suppose s = t - 375, -s - y = -3*t + 53. What is the tens digit of t?
7
Suppose 0 = -57*z + 62*z - 5*l - 202850, 6*z - l - 243380 = 0. What is the tens digit of z?
6
Let u(x) = -x**3 + 5*x**2 + 8*x - 3. Let t(f) = f**2 + 14*f + 5. Let k be t(-14). Suppose k*z + 13 = -q + 34, 3*q = z - 17. What is the units digit of u(z)?
7
Let b be 19225/125 - 2/(-10). Suppose 0 = 144*k - b*k + 4480. What is the units digit of k?
8
Suppose 0 = -11*m - 8*m + 71497. What is the thousands digit of m?
3
Let i(a) = 3121*a + 439. What is the hundreds digit of i(3)?
8
Let a(x) = 1668*x - 2992. What is the units digit of a(20)?
8
Suppose 0 = 5637*d - 5643*d + 343674. What is the tens digit of d?
7
Suppose -3*j = -3*x + 39, -4*x + 25 = -5*j - 39. Let y be j/(-21)*(-14)/(-4). What is the tens digit of -1 + y - -10*(-10)/(-4)?
2
Let v(c) = -c**3 - 48*c**2 + 53*c + 147. Let w be v(-42). What is the hundreds digit of 1/(-8) - (-19)/((-1064)/w)?
2
Let n(z) = -7*z**3 - z**2 - z - 1. Let h be n(-1). Let o be (-1*h/(-3))/(-2). What is the units digit of o*(-25 + -4 + -3)?
2
Suppose -4*m - 5*m - 54 = 0. What is the hundreds digit of (-6 - 0) + (m - -384)?
3
Let j(m) = m**3 - 24*m**2 + 19*m - 48. Let x(i) = -2*i**3 + 48*i**2 - 38*i + 96. Let g(r) = 7*j(r) + 4*x(r). What is the units digit of g(23)?
0
Suppose 63*r + 182 = 64*r. What is the tens digit of 13986/r + (-2)/(-13)?
7
Suppose 8099*t - 667440 = 8069*t. What is the thousands digit of t?
2
Let b(t) = -82*t - 13. Let z be b(-19). Let j = z + -1060. What is the units digit of j?
5
Let w = 215 - 90. Suppose -6*x + m = -3*x + 87, 5*x + 5*m = -w. What is the tens digit of (-1918)/x + (-6)/(-4)?
7
What is the tens digit of (-7)/(42/(-24)) - 5397*-11?
7
Let d = -647 + 4983. What is the thousands digit of d?
4
Let c = 15486 - 9413. What is the thousands digit of c?
6
Suppose -4*n + 20 = 0, 7*i - 2*n = 2*i + 40. Suppose -4*y - 744 = -i*y. What is the hundreds digit of y?
1
Suppose 13*i - 15*i = 300. Let c be (i/(-12))/(2/4). Suppose 27*v - 380 = c*v. What is the tens digit of v?
9
Suppose -3050 + 16786 = 5*v + m, 5*v + 4*m - 13724 = 0. What is the units digit of v?
8
Let c be (-410)/5*34/(-4)*-1. Let d = -456 - c. What is the tens digit of d?
4
Let m(x) = -4655*x + 5. What is the hundreds digit of m(-4)?
6
Let x(f) = 29*f + 422. Let c be x(-22). What is the thousands digit of 8/6 - 245304/c?
1
Let v(o) be the third derivative of -11*o**4/4 + 41*o**3/6 - 2*o**2 + 11. What is the tens digit of v(-29)?
5
Suppose -f + 5*t = 14, -14*f + 32 = -12*f + 2*t. Let b(c) = -c**3 + 12*c**2 - 7*c + 49. What is the units digit of b(f)?
3
Suppose -13226 - 41054 = -4*h - 2*x, 0 = 2*x + 12. What is the tens digit of h?
7
Let p = -68 + 88. Suppose 6*q - 4 - p = 0. Suppose q*n + 40 = 288. What is the units digit of n?
2
What is the thousands digit of -5 - (-9 - (123 - 18)/((-2)/(-974)))?
1
Let y(a) = -11*a**2 - 11*a - 10. Let o be y(-1). Let d(u) = 2*u**2 - 15*u - 45. What is the units digit of d(o)?
5
Let w = -68 - -76. Suppose 1829 = -w*g - 691. Let m = -185 - g. What is the units digit of m?
0
Suppose 6*c + 11*u = 3*c + 90518, 4*u = 3*c - 90548. What is the ten thousands digit of c?
3
Let u = 226 - 794. Let v = 276 + u. Let m = 461 + v. What is the hundreds digit of m?
1
What is the thousands digit of ((-14216)/10)/(747/83 - 407/45)?
1
Let n = -3853 + 5787. What is the units digit of n?
4
Let f(m) = m**3 + 39*m**2 + m + 72. What is the thousands digit of f(23)?
2
Let j(x) = 634*x + 3331. What is the units digit of j(35)?
1
Let o = -31 - -42. Suppose -o + 1 = -5*u. Suppose -a = -5*m + 41 + 247, -5*m - u*a + 294 = 0. What is the tens digit of m?
5
Let l be -4*(-5 - 45/(-10)). Suppose 3*j - 2*h - 3*h = 22, l*h = 4*j - 20. Suppose -2*z - 82 - 254 = -j*m, -144 = -2*m - 5*z. What is the tens digit of m?
8
Let c = -288 + 290. What is the tens digit of ((c - 5) + (-14460)/(-48))*4?
9
Let w be 1*(22*(-29)/(-2) - 1). Suppose -2*o = -r + 5, 4*r + 17 = 5*r + 4*o. Suppose -r*